{"id":12,"date":"2017-08-17T21:01:03","date_gmt":"2017-08-17T21:01:03","guid":{"rendered":"http:\/\/arqualli.com\/bienvenidos\/?page_id=12"},"modified":"2020-06-19T17:30:10","modified_gmt":"2020-06-19T23:30:10","slug":"servicios","status":"publish","type":"page","link":"https:\/\/www.arqualli.com\/bienvenidos\/index.php\/servicios\/","title":{"rendered":"SERVICIOS"},"content":{"rendered":"[vc_row type=&#8221;full_width_background&#8221; full_screen_row_position=&#8221;middle&#8221; bg_image=&#8221;6713&#8243; bg_position=&#8221;left top&#8221; bg_repeat=&#8221;no-repeat&#8221; bg_color=&#8221;#ffffff&#8221; scene_position=&#8221;center&#8221; text_color=&#8221;dark&#8221; text_align=&#8221;left&#8221; top_padding=&#8221;100&#8243; bottom_padding=&#8221;100&#8243; overlay_strength=&#8221;0.3&#8243;][vc_column column_padding=&#8221;no-extra-padding&#8221; column_padding_position=&#8221;all&#8221; background_color_opacity=&#8221;1&#8243; background_hover_color_opacity=&#8221;1&#8243; column_shadow=&#8221;none&#8221; width=&#8221;1\/1&#8243; tablet_text_alignment=&#8221;default&#8221; phone_text_alignment=&#8221;default&#8221; column_border_width=&#8221;none&#8221; column_border_style=&#8221;solid&#8221;]\r\n    <div class=\"col span_12 section-title text-align-center extra-padding\">\r\n\t\t<h2>Clientes 2008 &#8211; 2020<\/h2><\/div><div class=\"clear\"><\/div>[clients columns=&#8221;6&#8243; fade_in_animation=&#8221;true&#8221; carousel=&#8221;true&#8221;][client image=&#8221;6234&#8243; title=&#8221;Client&#8221; id=&#8221;1592609348179-4&#8243; tab_id=&#8221;1592609348179-7&#8243; name=&#8221;Grupo Modelo&#8221;] Click the edit button to add your testimonial. [\/client][client image=&#8221;6236&#8243; title=&#8221;Client&#8221; id=&#8221;1592609348215-8&#8243; tab_id=&#8221;1592609348216-9&#8243; name=&#8221;Dicipa&#8221;] Click the edit button to add your testimonial. [\/client][client image=&#8221;6238&#8243; title=&#8221;Client&#8221; id=&#8221;1592609348238-4&#8243; tab_id=&#8221;1592609348238-6&#8243; name=&#8221;Interceramic&#8221;][\/client][client image=&#8221;6240&#8243; title=&#8221;Client&#8221; id=&#8221;1592609348256-1&#8243; tab_id=&#8221;1592609348257-7&#8243; name=&#8221;Empac&#8221;][\/client][client image=&#8221;6244&#8243; title=&#8221;Client&#8221; id=&#8221;1592609348278-7&#8243; tab_id=&#8221;1592609348279-6&#8243; name=&#8221;Senado de la Republica&#8221;][\/client][client image=&#8221;6242&#8243; title=&#8221;Client&#8221; id=&#8221;1592609348298-2&#8243; tab_id=&#8221;1592609348298-1&#8243; name=&#8221;PiSA Farmaceutica&#8221;][\/client][client image=&#8221;6247&#8243; title=&#8221;Client&#8221; id=&#8221;1592609348324-1&#8243; tab_id=&#8221;1592609348324-5&#8243; name=&#8221;Restaurante RECCO d&#8217; Capurro&#8221;][\/client][client image=&#8221;6249&#8243; title=&#8221;Client&#8221; id=&#8221;1592609348348-5&#8243; tab_id=&#8221;1592609348348-10&#8243; name=&#8221;CARE&#8221;][\/client][client image=&#8221;6251&#8243; title=&#8221;Client&#8221; id=&#8221;1592609348366-7&#8243; tab_id=&#8221;1592609348366-3&#8243; name=&#8221;CONSEDE&#8221;][\/client][client image=&#8221;6253&#8243; title=&#8221;Client&#8221; id=&#8221;1592609348390-8&#8243; tab_id=&#8221;1592609348391-1&#8243; name=&#8221;Fresinius Medical Care&#8221;][\/client][client image=&#8221;6255&#8243; title=&#8221;Client&#8221; id=&#8221;1592609348409-5&#8243; tab_id=&#8221;1592609348409-7&#8243; name=&#8221;HIR &#8211; Seguros&#8221;][\/client][client image=&#8221;6907&#8243; title=&#8221;Client&#8221; id=&#8221;1592609348438-5&#8243; tab_id=&#8221;1592609348439-5&#8243; name=&#8221;Baxter&#8221;][\/client][client image=&#8221;6908&#8243; title=&#8221;Client&#8221; id=&#8221;1592609348466-9&#8243; tab_id=&#8221;1592609348467-4&#8243; name=&#8221;Hospital Morelos&#8221;][\/client][client image=&#8221;6914&#8243; title=&#8221;Client&#8221; id=&#8221;1592609348497-2&#8243; tab_id=&#8221;1592609348498-3&#8243; name=&#8221;Grupo INFRA&#8221;][\/client][client image=&#8221;7009&#8243; title=&#8221;Client&#8221; id=&#8221;1592609348518-2&#8243; tab_id=&#8221;1592609348518-0&#8243; name=&#8221;Gifyt&#8221;][\/client][client image=&#8221;7011&#8243; title=&#8221;Client&#8221; id=&#8221;1592609348540-1&#8243; tab_id=&#8221;1592609348541-4&#8243; name=&#8221;Cl\u00ednica de Hemodi\u00e1lisis&#8221;][\/client][client image=&#8221;7180&#8243; title=&#8221;Client&#8221; id=&#8221;1592609348560-5&#8243; tab_id=&#8221;1592609348561-10&#8243; name=&#8221;Edidesarrollos&#8221;][\/client][\/clients][\/vc_column][\/vc_row][vc_row type=&#8221;full_width_background&#8221; full_screen_row_position=&#8221;middle&#8221; bg_color=&#8221;#ffffff&#8221; scene_position=&#8221;center&#8221; text_color=&#8221;dark&#8221; text_align=&#8221;left&#8221; top_padding=&#8221;100&#8243; bottom_padding=&#8221;50&#8243; overlay_strength=&#8221;0.3&#8243;][vc_column column_padding=&#8221;no-extra-padding&#8221; column_padding_position=&#8221;all&#8221; background_color_opacity=&#8221;1&#8243; background_hover_color_opacity=&#8221;1&#8243; column_shadow=&#8221;none&#8221; width=&#8221;1\/1&#8243; tablet_text_alignment=&#8221;default&#8221; phone_text_alignment=&#8221;default&#8221; column_border_width=&#8221;none&#8221; column_border_style=&#8221;solid&#8221;][tabbed_section style=&#8221;minimal&#8221; alignment=&#8221;center&#8221; cta_button_style=&#8221;accent-color&#8221;][tab title=&#8221;Proyectos&#8221; id=&#8221;1592609348621-1&#8243; tab_id=&#8221;1592609348622-9&#8243;][vc_column_text]\n<h3>Proyectos<\/h3>\n<p>Estamos conscientes de las expectativas de nuestros clientes y preocupados por ello nuestra tarea es desarrollar sistemas que nos permitan entregar propuestas integrales arquitect\u00f3nicas, urban\u00edsticas, de ingenier\u00eda o de dise\u00f1o asistido seg\u00fan sea el caso, atendiendo puntos importantes como funcionamiento y calidad.<\/p>\n<p><img loading=\"lazy\" class=\"aligncenter wp-image-7296 size-large\" src=\"http:\/\/www.arqualli.com\/bienvenidos\/wp-content\/uploads\/2020\/06\/1-Proyect-1024x683.jpg\" alt=\"\" width=\"1024\" height=\"683\" srcset=\"https:\/\/www.arqualli.com\/bienvenidos\/wp-content\/uploads\/2020\/06\/1-Proyect-1024x683.jpg 1024w, https:\/\/www.arqualli.com\/bienvenidos\/wp-content\/uploads\/2020\/06\/1-Proyect-300x200.jpg 300w, https:\/\/www.arqualli.com\/bienvenidos\/wp-content\/uploads\/2020\/06\/1-Proyect-768x513.jpg 768w, https:\/\/www.arqualli.com\/bienvenidos\/wp-content\/uploads\/2020\/06\/1-Proyect-1536x1025.jpg 1536w, https:\/\/www.arqualli.com\/bienvenidos\/wp-content\/uploads\/2020\/06\/1-Proyect-2048x1367.jpg 2048w\" sizes=\"(max-width: 1024px) 100vw, 1024px\" \/>[\/vc_column_text][\/tab][tab title=&#8221;Planeaci\u00f3n&#8221; id=&#8221;1592609348656-1&#8243; tab_id=&#8221;1592609348657-8&#8243;][vc_column_text]\n<h3>Planeaci\u00f3n<\/h3>\n<p>Ofrecemos una gama completa de servicios de arquitectura para satisfacer todas las necesidades de negocio de nuestros clientes. Adem\u00e1s de nuestros desarrollos arquitect\u00f3nicos, nuestras capacidades tambi\u00e9n incluyen la planificaci\u00f3n y programaci\u00f3n de procesos constructivos al igual que sus instalaciones, el desarrollo en la transformaci\u00f3n del sitio no dejando de lado el levantamiento de condiciones existentes, de permisos y de ordenamiento.<\/p>\n<p><img loading=\"lazy\" class=\"aligncenter wp-image-7297 size-large\" src=\"http:\/\/www.arqualli.com\/bienvenidos\/wp-content\/uploads\/2020\/06\/2-planeacion-1024x708.jpg\" alt=\"\" width=\"1024\" height=\"708\" srcset=\"https:\/\/www.arqualli.com\/bienvenidos\/wp-content\/uploads\/2020\/06\/2-planeacion-1024x708.jpg 1024w, https:\/\/www.arqualli.com\/bienvenidos\/wp-content\/uploads\/2020\/06\/2-planeacion-300x207.jpg 300w, https:\/\/www.arqualli.com\/bienvenidos\/wp-content\/uploads\/2020\/06\/2-planeacion-768x531.jpg 768w, https:\/\/www.arqualli.com\/bienvenidos\/wp-content\/uploads\/2020\/06\/2-planeacion-1536x1062.jpg 1536w, https:\/\/www.arqualli.com\/bienvenidos\/wp-content\/uploads\/2020\/06\/2-planeacion-2048x1416.jpg 2048w\" sizes=\"(max-width: 1024px) 100vw, 1024px\" \/>[\/vc_column_text][\/tab][tab title=&#8221;Construcci\u00f3n&#8221; id=&#8221;1592609348688-6&#8243; tab_id=&#8221;1592609348689-2&#8243;][vc_column_text]\n<h3>Construcci\u00f3n<\/h3>\n<p>Por m\u00e1s de una d\u00e9cada compitiendo en el mercado constructivo desarrollando actividades seg\u00fan la necesidad del cliente y que van desde una direcci\u00f3n, coordinaci\u00f3n, supervisi\u00f3n, consultor\u00eda y\/o programaci\u00f3n.<\/p>\n<p><img loading=\"lazy\" class=\"aligncenter wp-image-7300 size-large\" src=\"http:\/\/www.arqualli.com\/bienvenidos\/wp-content\/uploads\/2020\/06\/3-construcci\u00f3n-1024x682.jpg\" alt=\"\" width=\"1024\" height=\"682\" srcset=\"https:\/\/www.arqualli.com\/bienvenidos\/wp-content\/uploads\/2020\/06\/3-construcci\u00f3n-1024x682.jpg 1024w, https:\/\/www.arqualli.com\/bienvenidos\/wp-content\/uploads\/2020\/06\/3-construcci\u00f3n-300x200.jpg 300w, https:\/\/www.arqualli.com\/bienvenidos\/wp-content\/uploads\/2020\/06\/3-construcci\u00f3n-768x512.jpg 768w, https:\/\/www.arqualli.com\/bienvenidos\/wp-content\/uploads\/2020\/06\/3-construcci\u00f3n-1536x1023.jpg 1536w, https:\/\/www.arqualli.com\/bienvenidos\/wp-content\/uploads\/2020\/06\/3-construcci\u00f3n.jpg 1920w\" sizes=\"(max-width: 1024px) 100vw, 1024px\" \/>[\/vc_column_text][\/tab][tab title=&#8221;G\u00e9neros&#8221; id=&#8221;1592609348719-10&#8243; tab_id=&#8221;1592609348720-2&#8243;][vc_column_text]\n<h3>G\u00e9neros<\/h3>\n<p>Hospitalario, Comercial, Habitacional, Industrial e Institucional apegados a estatutos en sistemas de gesti\u00f3n de calidad ISO 9001:2008 y gesti\u00f3n ambiental ISO 14001:2004 incluyendo procesos constructivos para certificaci\u00f3n de unidades cl\u00ednicas ambulatorias establecidas por secretaria de salud.<\/p>\n<p><img loading=\"lazy\" class=\"aligncenter wp-image-7301 size-large\" src=\"http:\/\/www.arqualli.com\/bienvenidos\/wp-content\/uploads\/2020\/06\/4-Generos-1024x683.jpg\" alt=\"\" width=\"1024\" height=\"683\" srcset=\"https:\/\/www.arqualli.com\/bienvenidos\/wp-content\/uploads\/2020\/06\/4-Generos-1024x683.jpg 1024w, https:\/\/www.arqualli.com\/bienvenidos\/wp-content\/uploads\/2020\/06\/4-Generos-300x200.jpg 300w, https:\/\/www.arqualli.com\/bienvenidos\/wp-content\/uploads\/2020\/06\/4-Generos-768x512.jpg 768w, https:\/\/www.arqualli.com\/bienvenidos\/wp-content\/uploads\/2020\/06\/4-Generos-1536x1024.jpg 1536w, https:\/\/www.arqualli.com\/bienvenidos\/wp-content\/uploads\/2020\/06\/4-Generos-2048x1365.jpg 2048w\" sizes=\"(max-width: 1024px) 100vw, 1024px\" \/>[\/vc_column_text][\/tab][tab title=&#8221;Urbanizaci\u00f3n&#8221; id=&#8221;1592609348753-0&#8243; tab_id=&#8221;1592609348754-5&#8243;][vc_column_text]\n<h3>Urbanizaci\u00f3n<\/h3>\n<p>Cada entidad federativa esta sometida a reglamentaci\u00f3n en materia urbana haciendo respetar en la medida de lo posible sus lineamientos y normas,es por ello que la investigaci\u00f3n, creatividad y aplicaci\u00f3n son para Corporativo Arqualli caracter\u00edsticas de integraci\u00f3n para un trabajo urban\u00edstico, individualizando cada tema al fin de lograr el objetivo de satisfacer necesidades para cada caso.<\/p>\n<p><img loading=\"lazy\" class=\"aligncenter wp-image-7302 size-large\" src=\"http:\/\/www.arqualli.com\/bienvenidos\/wp-content\/uploads\/2020\/06\/5-Urbanizaci\u00f3n-1024x683.jpg\" alt=\"\" width=\"1024\" height=\"683\" srcset=\"https:\/\/www.arqualli.com\/bienvenidos\/wp-content\/uploads\/2020\/06\/5-Urbanizaci\u00f3n-1024x683.jpg 1024w, https:\/\/www.arqualli.com\/bienvenidos\/wp-content\/uploads\/2020\/06\/5-Urbanizaci\u00f3n-300x200.jpg 300w, https:\/\/www.arqualli.com\/bienvenidos\/wp-content\/uploads\/2020\/06\/5-Urbanizaci\u00f3n-768x512.jpg 768w, https:\/\/www.arqualli.com\/bienvenidos\/wp-content\/uploads\/2020\/06\/5-Urbanizaci\u00f3n-1536x1024.jpg 1536w, https:\/\/www.arqualli.com\/bienvenidos\/wp-content\/uploads\/2020\/06\/5-Urbanizaci\u00f3n-2048x1365.jpg 2048w\" sizes=\"(max-width: 1024px) 100vw, 1024px\" \/>[\/vc_column_text][\/tab][tab title=&#8221;Transformaci\u00f3n&#8221; id=&#8221;1592609348780-10&#8243; tab_id=&#8221;1592609348781-1&#8243;][vc_column_text]\n<h3>Transformaci\u00f3n<\/h3>\n<p>Aportando ideas y elementos en &#8220;Materia Verde&#8221;, de \u00faltima generaci\u00f3n y vanguardia ofreciendo en todo momento la soluci\u00f3n m\u00e1s creativa, eficaz y \u00e1gil, contamos con reconocidos profesionales en todos los \u00e1mbitos de actuaci\u00f3n.<\/p>\n<p><img loading=\"lazy\" class=\"wp-image-7303 size-large aligncenter\" src=\"http:\/\/www.arqualli.com\/bienvenidos\/wp-content\/uploads\/2020\/06\/6-transformacion-1024x683.jpg\" alt=\"\" width=\"1024\" height=\"683\" srcset=\"https:\/\/www.arqualli.com\/bienvenidos\/wp-content\/uploads\/2020\/06\/6-transformacion-1024x683.jpg 1024w, https:\/\/www.arqualli.com\/bienvenidos\/wp-content\/uploads\/2020\/06\/6-transformacion-300x200.jpg 300w, https:\/\/www.arqualli.com\/bienvenidos\/wp-content\/uploads\/2020\/06\/6-transformacion-768x512.jpg 768w, https:\/\/www.arqualli.com\/bienvenidos\/wp-content\/uploads\/2020\/06\/6-transformacion-1536x1024.jpg 1536w, https:\/\/www.arqualli.com\/bienvenidos\/wp-content\/uploads\/2020\/06\/6-transformacion-2048x1365.jpg 2048w\" sizes=\"(max-width: 1024px) 100vw, 1024px\" \/>[\/vc_column_text][\/tab][tab title=&#8221;Reparaci\u00f3n y Mantenimiento&#8221; id=&#8221;1592609348808-1&#8243; tab_id=&#8221;1592609348809-3&#8243;][vc_column_text]\n<h3>Reparaci\u00f3n y Mantenimiento<\/h3>\n<p>En la actualidad las sociedades mas modernas se preocupan por la calidad de las construcciones, el espacio urbano y el confort de sus usuarios, tanto en las nuevas construcciones como en los edificios antiguos. Planteamientos de eficiencia energ\u00e9tica y sostenibilidad dan prioridad a la rehabilitaci\u00f3n de los edificios existentes y su entorno, frente a la producci\u00f3n de nuevos edificios. De hecho en los \u00faltimos a\u00f1os ha sido mayor el crecimiento de la inversi\u00f3n en el sector de la reparaci\u00f3n y rehabilitaci\u00f3n de edificios y urbanizaciones que en el de nuevas construcciones.<\/p>\n<p><img loading=\"lazy\" class=\"alignnone wp-image-7304 size-large\" src=\"http:\/\/www.arqualli.com\/bienvenidos\/wp-content\/uploads\/2020\/06\/7-Reperaci\u00f3n-y-mantenimiento-1024x710.jpg\" alt=\"\" width=\"1024\" height=\"710\" srcset=\"https:\/\/www.arqualli.com\/bienvenidos\/wp-content\/uploads\/2020\/06\/7-Reperaci\u00f3n-y-mantenimiento-1024x710.jpg 1024w, https:\/\/www.arqualli.com\/bienvenidos\/wp-content\/uploads\/2020\/06\/7-Reperaci\u00f3n-y-mantenimiento-300x208.jpg 300w, https:\/\/www.arqualli.com\/bienvenidos\/wp-content\/uploads\/2020\/06\/7-Reperaci\u00f3n-y-mantenimiento-768x533.jpg 768w, https:\/\/www.arqualli.com\/bienvenidos\/wp-content\/uploads\/2020\/06\/7-Reperaci\u00f3n-y-mantenimiento-1536x1065.jpg 1536w, https:\/\/www.arqualli.com\/bienvenidos\/wp-content\/uploads\/2020\/06\/7-Reperaci\u00f3n-y-mantenimiento-2048x1421.jpg 2048w\" sizes=\"(max-width: 1024px) 100vw, 1024px\" \/>[\/vc_column_text][\/tab][\/tabbed_section]<div class=\"divider-wrap\"><div style=\"margin-top: 1px; height: 1px; margin-bottom: 1px;\" data-width=\"100%\" data-animate=\"\" data-animation-delay=\"\" data-color=\"default\" class=\"divider-border\"><\/div><\/div>[\/vc_column][\/vc_row][vc_row type=&#8221;in_container&#8221; full_screen_row_position=&#8221;middle&#8221; scene_position=&#8221;center&#8221; text_color=&#8221;dark&#8221; text_align=&#8221;left&#8221; overlay_strength=&#8221;0.3&#8243;][vc_column column_padding=&#8221;no-extra-padding&#8221; column_padding_position=&#8221;all&#8221; background_color_opacity=&#8221;1&#8243; background_hover_color_opacity=&#8221;1&#8243; column_shadow=&#8221;none&#8221; width=&#8221;1\/1&#8243; tablet_text_alignment=&#8221;default&#8221; phone_text_alignment=&#8221;default&#8221; column_border_width=&#8221;none&#8221; column_border_style=&#8221;solid&#8221;][\/vc_column][\/vc_row]\n","protected":false},"excerpt":{"rendered":"<p>[vc_row type=&#8221;full_width_background&#8221; full_screen_row_position=&#8221;middle&#8221; bg_image=&#8221;6713&#8243; bg_position=&#8221;left top&#8221; bg_repeat=&#8221;no-repeat&#8221; bg_color=&#8221;#ffffff&#8221; scene_position=&#8221;center&#8221; text_color=&#8221;dark&#8221; text_align=&#8221;left&#8221; top_padding=&#8221;100&#8243; bottom_padding=&#8221;100&#8243; overlay_strength=&#8221;0.3&#8243;][vc_column column_padding=&#8221;no-extra-padding&#8221; column_padding_position=&#8221;all&#8221; background_color_opacity=&#8221;1&#8243; background_hover_color_opacity=&#8221;1&#8243; column_shadow=&#8221;none&#8221; width=&#8221;1\/1&#8243; tablet_text_alignment=&#8221;default&#8221; phone_text_alignment=&#8221;default&#8221; column_border_width=&#8221;none&#8221; column_border_style=&#8221;solid&#8221;][clients columns=&#8221;6&#8243; fade_in_animation=&#8221;true&#8221; carousel=&#8221;true&#8221;][client image=&#8221;6234&#8243; title=&#8221;Client&#8221; id=&#8221;1592609348179-4&#8243;&#8230;<\/p>\n","protected":false},"author":2,"featured_media":0,"parent":0,"menu_order":0,"comment_status":"closed","ping_status":"closed","template":"","meta":{"_mi_skip_tracking":false},"_links":{"self":[{"href":"https:\/\/www.arqualli.com\/bienvenidos\/index.php\/wp-json\/wp\/v2\/pages\/12"}],"collection":[{"href":"https:\/\/www.arqualli.com\/bienvenidos\/index.php\/wp-json\/wp\/v2\/pages"}],"about":[{"href":"https:\/\/www.arqualli.com\/bienvenidos\/index.php\/wp-json\/wp\/v2\/types\/page"}],"author":[{"embeddable":true,"href":"https:\/\/www.arqualli.com\/bienvenidos\/index.php\/wp-json\/wp\/v2\/users\/2"}],"replies":[{"embeddable":true,"href":"https:\/\/www.arqualli.com\/bienvenidos\/index.php\/wp-json\/wp\/v2\/comments?post=12"}],"version-history":[{"count":105,"href":"https:\/\/www.arqualli.com\/bienvenidos\/index.php\/wp-json\/wp\/v2\/pages\/12\/revisions"}],"predecessor-version":[{"id":7333,"href":"https:\/\/www.arqualli.com\/bienvenidos\/index.php\/wp-json\/wp\/v2\/pages\/12\/revisions\/7333"}],"wp:attachment":[{"href":"https:\/\/www.arqualli.com\/bienvenidos\/index.php\/wp-json\/wp\/v2\/media?parent=12"}],"curies":[{"name":"wp","href":"https:\/\/api.w.org\/{rel}","templated":true}]}}